se 2, what is -1110010000 - 1010?
-1110011010
In base 7, what is 313 - 610?
-264
In base 12, what is 4 - 22b94?
-22b90
In base 16, what is 1c7 - -14c?
313
In base 14, what is -16b6 + -4?
-16ba
In base 5, what is 24214 + -1022?
23142
In base 9, what is -11 + -155065?
-155076
In base 6, what is -43424 + 0?
-43424
In base 9, what is 2 + -168364?
-168362
In base 5, what is 4 - 21410432?
-21410423
In base 10, what is -1 - 63573?
-63574
In base 9, what is 20 - 1516?
-1486
In base 11, what is 20a0 + -15?
2086
In base 16, what is -45 - -43ca?
4385
In base 4, what is -20122003 - 1131?
-20123200
In base 6, what is -31 + -20414?
-20445
In base 11, what is -44995 - 5?
-4499a
In base 12, what is 0 - -232?
232
In base 12, what is 49 + -ab10?
-aa83
In base 13, what is -10c + 2a?
-b2
In base 3, what is 20200100 + -1022?
20122001
In base 11, what is 2272 + -5?
2268
In base 10, what is -28 - 25445?
-25473
In base 4, what is -11101 - 13133?
-30300
In base 6, what is 21040 - -34?
21114
In base 6, what is -1225 - 100004?
-101233
In base 3, what is 112 + -2120212021?
-2120211202
In base 9, what is 576 - 82?
484
In base 2, what is 101111 - -100101000?
101010111
In base 16, what is 9fb8 + 0?
9fb8
In base 12, what is -181 - -1332?
1171
In base 5, what is -10 - 210332?
-210342
In base 14, what is 1 - -8955?
8956
In base 4, what is -3230 + 121?
-3103
In base 14, what is db02 + -15?
dacb
In base 14, what is -a6dd + -a?
-a709
In base 15, what is -c + 9?
-3
In base 2, what is -110010010 - -1001?
-110001001
In base 8, what is 4 - 406454?
-406450
In base 6, what is 1304 - 351?
513
In base 9, what is -18506 + 5?
-18501
In base 15, what is c24 + 22?
c46
In base 9, what is 1 + -78034?
-78033
In base 9, what is 271 + -16286?
-16015
In base 4, what is -32122 + -22330?
-121112
In base 15, what is 50 + -67bb?
-676b
In base 6, what is 5 + -4311421?
-4311412
In base 14, what is -a1 + -10a0?
-1161
In base 12, what is -17a - 39a?
-558
In base 3, what is -202212110 + 20?
-202212020
In base 4, what is -20300 + 21?
-20213
In base 4, what is 13002 - -11032?
30100
In base 16, what is e + 147d0?
147de
In base 11, what is 1 + 13a709?
13a70a
In base 2, what is -1000011111111100110 - 11?
-1000011111111101001
In base 9, what is 552 - -265?
827
In base 16, what is 2f2 + -91?
261
In base 5, what is -11 - 2134223?
-2134234
In base 5, what is 100224312 + -4?
100224303
In base 14, what is 9 - -9d1?
9da
In base 8, what is -30316 + -1?
-30317
In base 11, what is 4 - 32150?
-32147
In base 7, what is 1 + -252424?
-252423
In base 14, what is -328 - 75?
-39d
In base 4, what is -1032031322 - -20?
-1032031302
In base 4, what is 0 - 3003311?
-3003311
In base 9, what is 551705 - -5?
551711
In base 13, what is -5 + -9c380?
-9c385
In base 13, what is 680 - a4?
5a9
In base 6, what is -13 + -10233?
-10250
In base 15, what is -b1d0 - 1a?
-b1ea
In base 16, what is 58da2c + 3?
58da2f
In base 2, what is 101110011 + -1000101011?
-10111000
In base 14, what is -1cd9d + -7?
-1cda6
In base 5, what is 2034 - 211?
1323
In base 15, what is 0 - -1382?
1382
In base 11, what is 2383578 + 3?
2383580
In base 15, what is -26edb + 4?
-26ed7
In base 11, what is 48 - 934?
-897
In base 11, what is 216 + 263?
479
In base 7, what is -253540 - 4?
-253544
In base 3, what is -22 + -102122011?
-102122110
In base 14, what is -3a43d - 9?
-3a448
In base 13, what is -ac + 113a?
105b
In base 13, what is 12 + 3938a?
3939c
In base 3, what is -1 - 12221002?
-12221010
In base 2, what is -101100 + 100000011010111010?
100000011010001110
In base 4, what is -2110 + -21211?
-23321
In base 9, what is -370541 + 3?
-370537
In base 7, what is -3102 + 312?
-2460
In base 14, what is -1ba9b78 + -5?
-1ba9b7d
In base 4, what is -3102 + -1013?
-10121
In base 13, what is -57265 + 4?
-57261
In base 4, what is 1123332 - -2001?
1131333
In base 9, what is 36786 + 0?
36786
In base 3, what is 10 - 12102002211?
-12102002201
In base 14, what is -1346c - -1?
-1346b
In base 14, what is -1926 + 7?
-191d
In base 2, what is 11 - -10111100010011?
10111100010110
In base 16, what is 2c - -8?
34
In base 2, what is -10001101001101 - 1?
-10001101001110
In base 7, what is -64143 - 4?
-64150
In base 6, what is 2441 + 3045?
5530
In base 15, what is 734 + -195?
58e
In base 10, what is 1046 - -157?
1203
In base 15, what is -1a - b8c0?
-b8da
In base 6, what is -5 + 413201?
413152
In base 5, what is -3 - 20342?
-20400
In base 2, what is -101100010 - 10000011111?
-10110000001
In base 13, what is -1 + -10c1?
-10c2
In base 16, what is -4ff17d - 2?
-4ff17f
In base 15, what is 15483 - 0?
15483
In base 16, what is 17 - -443?
45a
In base 4, what is -132301 + -10332?
-203233
In base 8, what is -15 - -122122?
122105
In base 9, what is 1 + 481440?
481441
In base 9, what is -8 - -236857?
236848
In base 2, what is -100 + -11011010110000000?
-11011010110000100
In base 12, what is 15 - -2634?
2649
In base 13, what is -78b - -138?
-653
In base 4, what is -310 - 101022?
-101332
In base 5, what is 4 + 123303244?
123303303
In base 9, what is 73643 + 13?
73656
In base 5, what is -43432 + 141?
-43241
In base 16, what is -18f30 + 5?
-18f2b
In base 16, what is af39 + 2a?
af63
In base 16, what is -8ee - -3c?
-8b2
In base 8, what is 3 + -2514535?
-2514532
In base 13, what is 429 + 2c?
458
In base 14, what is 25d + 126?
385
In base 14, what is 9b7b - 5?
9b76
In base 2, what is 100 - -11010110110001010?
11010110110001110
In base 11, what is -747 + -1354?
-1aa0
In base 7, what is -1 + 13625?
13624
In base 8, what is 526 + -1047?
-321
In base 10, what is -1471 - 4?
-1475
In base 4, what is 22 + 3020301330?
3020302012
In base 14, what is -1b482 + -16?
-1b498
In base 13, what is 352 + -267?
b8
In base 10, what is 75 + -236?
-161
In base 15, what is 7 - 389?
-382
In base 4, what is -1 - 11122231?
-11122232
In base 16, what is 21 - -1678?
1699
In base 3, what is -1100122122200 + -11?
-1100122122211
In base 13, what is -6a28 - 1?
-6a29
In base 6, what is -33253550 - -5?
-33253541
In base 6, what is 2352 - -552?
3344
In base 12, what is 2149 + 143?
2290
In base 14, what is 65c - -43?
6a1
In base 15, what is -94aa1 + 0?
-94aa1
In base 5, what is -443 + 12031?
11033
In base 2, what is -100101 + -11110100010010?
-11110100110111
In base 7, what is 545 - -44?
622
In base 8, what is -1265064 - -1?
-1265063
In base 15, what is -493b3 - -2?
-493b1
In base 16, what is 1d8c2 + -3?
1d8bf
In base 13, what is 10 + -4686?
-4676
In base 2, what is -100100000000110000000 - 1?
-100100000000110000001
In base 10, what is -8 + 1314?
1306
In base 3, what is -2 - 20121122201?
-20121122210
In base 10, what is 259579 - -1?
259580
In base 3, what is -2002220 + -11001221?
-20011211
In base 14, what is 71 + 2c?
9d
In base 4, what is -1001233 - 100?
-1001333
In base 16, what is -2604 - -5?
-25ff
In base 6, what is -2225 - -2?
-2223
In base 4, what is 213231 - -2?
213233
In base 9, what is 1 - 22628?
-22627
In base 7, what is 336 - -233?
602
In base 8, what is 5 + -276021?
-276014
In base 11, what is 267 + 202?
469
In base 10, what is 1 + -2938?
-2937
In base 9, what is -17 + -168540?
-168557
In base 9, what is -3 - -1268?
1265
In base 15, what is 1a02c - -5?
1a032
In base 15, what is -e7 + -4?
-eb
In base 9, what is -1231130 - 2?
-1231132
In base 7, what is 150126 - -1?
150130
In base 15, what is -16d - 153?
-2c1
In base 3, what is 20100110 + 22201?
20200011
In base 2, what is 101011101 - -1010011?
110110000
In base 9, what is 4812 - -4?
4816
In base 10, what is 22 + 7795?
7817
In base 14, what is 47 + -dd?
-96
In base 6, what is -312025 + -1?
-312030
In base 14, what is -5a + -951?
-9ab
In base 6, what is 23 + -1411142?
-1411115
In base 13, what is -393204 - 3?
-393207
In base 11, what is -1a0020a - 5?
-1a00214
In base 14, what is 22377 + 3a?
223b3
In base 6, what is 2135420 - 1?
2135415
In base 9, what is -43736 + -6?
-43743
In base 10, what is -2 + -21988?
-21990
In base 2, what is 1011 + 101010001111000?
101010010000011
In base 11, what is 480 - -123?
5a3
In base 13, what is 27c2 + -15?
27aa
In base 6, what is 315 + 23405?
24124
In base 15, what is -4 - 938?
-93c
In base 14, what is -3 - 8419b?
-841a0
In base 5, what is -4 + -1403221?
-1403230
In base 12, what is 6040 - 0?
6040
In base 11, what is 20792 - 4?
20789
In base 2, what is 1001010111